, -w = -3*j + 422. Calculate the greatest common factor of j and 1660.
20
Suppose -12*j = 54*j - 3234. Let b be (189/(-6))/9*-6. Calculate the greatest common factor of j and b.
7
Let t = 13 + -6. Suppose -163*l + 165*l = -46. Let o = l + 37. What is the highest common divisor of o and t?
7
Suppose 232 = -2*c - 2*c. Let b be c/(-10) - 2*(-7)/70. Calculate the greatest common factor of 4 and b.
2
Suppose -3 = u - w - 1, -2*u + w - 6 = 0. Let s(k) = -25*k + 71. Let g be s(u). What is the highest common divisor of g and 228?
57
Let g = 86 - 47. Suppose -186*v = -30913 + 3197 - 3718. Calculate the greatest common divisor of g and v.
13
Let g = -4354 - -4372. Let x be (-269)/(-2) + 2/4. Calculate the highest common divisor of g and x.
9
Let p(i) = 8*i**2 - 7*i + 17. Let t be p(3). Let h = 82 - t. What is the greatest common factor of h and 238?
14
Let y = -173768 - -173897. Let c = -4 - -7. What is the highest common divisor of y and c?
3
Let b be ((-945)/210)/(-4 - -8 - (-683)/(-170)). Suppose -3*j = 2 - 47. What is the highest common divisor of j and b?
15
Let q(r) = 2*r**2 + 129*r + 373. Let d be q(-62). What is the highest common divisor of 1344 and d?
21
Suppose -2*d + 868 = -2*v, -5*d - 241*v = -237*v - 2170. Calculate the highest common divisor of 3286 and d.
62
Let h(u) = u + 12. Let g be h(-3). Let b(k) = 4*k - 13. Let x be b(-12). Let m = x + 142. Calculate the highest common divisor of m and g.
9
Suppose 466*l = 468*l - 5*x - 273, -4*l + 2*x = -570. What is the greatest common factor of 112 and l?
16
Let v(k) = k**2 - 17*k - 23. Let o = -94 + 94. Suppose -141*w + 137*w + 76 = o. Let b be v(w). Calculate the greatest common factor of 45 and b.
15
Suppose -2*i + 7 = -9. Let g be 3*-4*22/(-24). Suppose -2*p + 51 = g. What is the highest common factor of i and p?
4
Suppose -21*p = -23*p - 37*p + 897. Let j(w) = 2*w**2 + 1 - 3*w - 3 - 3 + 2*w. Let x be j(4). What is the highest common factor of x and p?
23
Suppose 2*l + 2*l - g - 99 = 0, -125 = -5*l + g. Suppose 3*r + 2976 = 15*r. Suppose -10*u + r = -12. Calculate the highest common divisor of u and l.
26
Suppose 2*q = -4*j + 14, -7*j = 5*q - 8*j - 90. Calculate the greatest common factor of 4709 and q.
17
Let h be 13/((-260)/(-8)) + 114/15. Let t = 37 + 27. What is the greatest common divisor of h and t?
8
Suppose -63*o - 254*o - 160*o = -31959. Calculate the highest common factor of 4288 and o.
67
Suppose -2*n + 5*f + 5342 = 0, n = -32*f + 31*f + 2643. What is the greatest common factor of 132 and n?
11
Let k = -123 - -195. Let i = 241 - 80. Suppose 11*h = 37 + i. Calculate the highest common divisor of h and k.
18
Let n be 6 + (-6 + 5 - 37). Let o be 27 + 4/10 + n/(-20). What is the greatest common factor of 667 and o?
29
Let x(m) = 2*m**3 + 25*m**2 + 34*m - 40. Let v be x(-10). What is the highest common factor of 2010 and v?
30
Let v(l) = -l**3 - 3*l**2 + 4*l - 9. Let q be v(-7). Let f be 9 + -12 - 1*-9. Suppose q = f*y - 363. Calculate the highest common divisor of 29 and y.
29
Let c = -1506 + 1538. Suppose 3*s + 5*v + 44 = 0, 0*s + 5*s + 5*v = -80. Let i be (-1150)/(-12) - 3/s. What is the greatest common factor of i and c?
32
Let v(k) = 34*k**3 - 1. Let u be v(1). Let l(d) = -9*d - 84. Let b be 12/(108/(-45)) - 1*8. Let q be l(b). What is the highest common factor of u and q?
33
Let y be 8/6 - (-6 - 60/(-18)). Suppose -560 = -2*n + 3*l, -187 + 1319 = y*n - 3*l. Calculate the highest common factor of n and 22.
22
Suppose -3*y - 5*y = 32. Let i(k) = -53*k - 24. Let x be i(y). Calculate the greatest common divisor of 47 and x.
47
Let r(t) = -3*t**2 + 9*t + 13. Let w be r(5). Let g(p) = p + 37. Let f be g(w). Calculate the greatest common factor of 140 and f.
20
Suppose -213 - 77 = -3*s - d, 0 = 4*s - 3*d - 378. Let h = -1139 + 2387. Calculate the greatest common divisor of s and h.
96
Let z(r) = 3*r**3 - 17*r**2 - 20*r + 23. Let s be z(17). Suppose 12*q = 31 + s. Calculate the highest common factor of q and 15.
15
Let q = 134 + -126. Suppose 2*g = -6*g. Suppose -p - p + 32 = g. Calculate the highest common factor of p and q.
8
Let n be (-9)/((-135)/(-105)) + 21/1. What is the greatest common divisor of 46 and n?
2
Let g be 2 + -2 - 17/(85/(-3960)). Let i = 876 - g. Suppose 0 = -5*a - 4*y + 97, -2*a - a = y - 61. What is the highest common factor of i and a?
21
Let l = 6773 + -6645. Calculate the greatest common factor of l and 4672.
64
Let b be 10 - 8 - (0 + -17). Suppose 25*a - 72 = b*a. Let w(q) = -24*q. Let s be w(-2). Calculate the greatest common factor of s and a.
12
Suppose -238*d = -268*d + 810. What is the greatest common divisor of 549 and d?
9
Suppose 0 = -21*y + 12*y + 36. Suppose 51 = y*v + 15. Suppose 180 = 3*u + 2*u. Calculate the highest common divisor of v and u.
9
Let r = 6 + -2. Suppose 2*m = 16*m - 3*m. Suppose -r*l = f - 201, m*l + 97 = 2*l - 3*f. What is the greatest common divisor of 10 and l?
10
Let t be 8 - 9/6*(-4)/(-2). Let v(h) = 16*h**2 - 2*h + 37. Let a be v(t). What is the highest common divisor of 7 and a?
7
Let u(a) = -a**3 + 21*a**2 + 13*a - 14. Let m(o) = -o**3 + 6*o**2 - 4*o + 44. Let j be m(6). Let r be u(j). Calculate the greatest common divisor of 38 and r.
38
Let g(y) = -y**3 - y**2 - y + 162. Let r be g(0). Let q(n) = -6*n**3 - 7*n**2 + 383*n + 782. Let u be q(-2). What is the highest common divisor of r and u?
18
Suppose -2*c = -2 - 8. Suppose -96 + 114 = 6*l. Suppose -3*f = -c*f + 3*i + 27, l*i = 5*f - 45. Calculate the highest common factor of 66 and f.
6
Suppose 76 + 58 = -2*x. Suppose -32*v + 3979 = -565. Let s = x + v. Calculate the greatest common divisor of 30 and s.
15
Let h = 23425 - 19618. What is the highest common divisor of 47 and h?
47
Let j = -975 - -1305. What is the highest common divisor of j and 242?
22
Suppose 3*m = -2*m + 2*n + 28, 2*m - 4*n = 8. Suppose 2*d + m*d = 240. Suppose -5*r - 5*r = -d. What is the greatest common factor of 33 and r?
3
Let n be (-15 - 25/3)/(2/(-171)). What is the greatest common factor of 380 and n?
95
Let r = -223 + 4. Let f be (-2)/(-2*(-1)/3) - r. Suppose j = 5*v - 97 - 21, 18 = v - 3*j. What is the highest common divisor of v and f?
24
Suppose 63*o - 327 + 382 = 811. What is the highest common factor of o and 16452?
12
Let u be (-12 + -2 - 33/11)*-5. Suppose 0 = 4*i + k - u, -k - 4*k + 125 = 5*i. What is the greatest common factor of i and 4?
4
Suppose -4*r + d = -6*r - 14, 4*d - 9 = 5*r. Let z be r*((-2916)/45 + -8). Calculate the highest common divisor of z and 56.
28
Suppose -4*s = 4*r - 516, 83*r = 82*r - 4*s + 123. Calculate the greatest common divisor of r and 5895.
131
Let m = -321 - -508. Let v = -1576 + 1609. Calculate the highest common factor of m and v.
11
Let o(u) = 110*u**3 - u**2 + 3*u - 10. Let k(p) = -10*p + 122. Let n be k(12). Let b be o(n). Calculate the highest common divisor of 8 and b.
8
Let m = 105 + -105. Suppose m = 9*q - 2*q - 1260. What is the greatest common divisor of 20 and q?
20
Let l be (786/(-4))/((-60)/200). Let j = 676 - l. Let x be (-11)/1*-1*21. What is the greatest common divisor of x and j?
21
Suppose -5*n + 134 = -516. Let y = n - 113. Calculate the highest common factor of 136 and y.
17
Suppose 80*z = -2*b + 81*z + 918, 0 = -2*b + 2*z + 920. What is the highest common divisor of 4 and b?
2
Suppose 4*q - 5*a = 4016, 0 = 12*q - 11*q + 3*a - 1038. Calculate the greatest common divisor of 26 and q.
26
Suppose -34*q + q + 33 = 0. Let y(v) = 818*v - 19. Let b be y(q). Calculate the greatest common divisor of b and 47.
47
Let s(k) = -k**3 - 19*k**2 - 6*k + 114. Let w be s(-11). Let u = w + 890. What is the highest common divisor of 85 and u?
17
Suppose d + 2*m = -26 + 34, -1 = 4*d - 3*m. Let i be (-3 - (1 + -3)) + 8. Suppose -i = -5*o + 3. What is the highest common divisor of d and o?
2
Let u(x) = 3*x**2 + 5*x + 3. Suppose 3*n + 21 = -4*z, 2*z - 5*n - 6 = 3. Let k be u(z). Let l = -45 + 75. What is the greatest common factor of k and l?
15
Suppose -4*h = -4*z + 3*z + 79, -16 = 4*h. Let i(k) = 45*k - 11448. Let a be i(267). What is the greatest common divisor of a and z?
63
Let i(s) = -s**3 - 13*s**2 - 2*s + 50. Let g be i(-13). Calculate the greatest common factor of 266 and g.
38
Let s = -38905 - -39808. What is the greatest common factor of 1204 and s?